{"id":1061,"date":"2018-08-24T12:15:05","date_gmt":"2018-08-24T10:15:05","guid":{"rendered":"https:\/\/pico-one.ch\/street-one\/?page_id=1061"},"modified":"2020-07-30T18:48:02","modified_gmt":"2020-07-30T16:48:02","slug":"street-one-emmen-center","status":"publish","type":"page","link":"https:\/\/pico-one.ch\/street-one\/filialen-schweiz\/street-one-emmen-center\/","title":{"rendered":"Street One Emmen Center"},"content":{"rendered":"<div class=\"wpb-content-wrapper\"><p>[vc_row row_type=&#8220;row&#8220; use_row_as_full_screen_section=&#8220;no&#8220; type=&#8220;full_width&#8220; text_align=&#8220;left&#8220; background_animation=&#8220;none&#8220; css_animation=&#8220;&#8220;][vc_column][vc_column_text]<\/p>\n<h1>Street One Emmen Center<\/h1>\n<p>[\/vc_column_text][vc_single_image image=&#8220;1322&#8243; img_size=&#8220;full&#8220; alignment=&#8220;center&#8220; qode_css_animation=&#8220;element_from_fade&#8220;][vc_empty_space][vc_row_inner row_type=&#8220;row&#8220; type=&#8220;full_width&#8220; use_row_as_full_screen_section_slide=&#8220;no&#8220; text_align=&#8220;left&#8220; css_animation=&#8220;&#8220;][vc_column_inner width=&#8220;1\/2&#8243;][vc_column_text]<\/p>\n<h2>\u00dcber Street One Emmen Center<\/h2>\n<p>Kommen Sie vorbei und besuchen Sie uns bei Street One im Emmen Center in Emmenbr\u00fccke bei Luzern. Street One \u00fcberzeugt mit trendgerechten Kollektionen die hohen Qualit\u00e4tsanspr\u00fcchen gerecht werden. Das Emmen Center in Luzern bietet Ihnen mit \u00fcber 80 Shops auf drei Etagen ein unvergessliches Einkaufserlebnis f\u00fcr gross und klein. Wir freuen uns, Sie bei Street One begr\u00fcssen zu d\u00fcrfen![\/vc_column_text][vc_empty_space][vc_column_text]<\/p>\n<h4>Adresse Street One Emmen Center<\/h4>\n<p>Shopping-Center Emmen<br \/>\n6020 Emmenbr\u00fccke<\/p>\n<p>&nbsp;<\/p>\n<h4>\u00d6ffnungszeiten Street One Emmen Center<\/h4>\n<p>Montag: 09:00-19:00<br \/>\nDienstag: 09:00-19:00<br \/>\nMittwoch: 09:00-19:00<br \/>\nDonnerstag: 09:00-19:00<br \/>\nFreitag: 09:00-21:00<br \/>\nSamstag: 08:00-17:00<\/p>\n<p>&nbsp;<\/p>\n<h4>Kontakt Street One Emmen Center<\/h4>\n<p><a href=\"tel:0412620202\">041 262 02 02<\/a><br \/>\n<a href=\"mailto:streetone@pico-one.ch\">streetone [@] pico-one.ch<\/a><\/p>\n<p><a href=\"mailto:streetone@pico-one.ch\"><button class=\"cta1\"><i class=\"fas fa-envelope\"><\/i> Email<\/button><\/a><a href=\"tel:0412620202\"><button class=\"cta1\"><i class=\"fas fa-phone\"><\/i> Anruf<\/button><\/a>[\/vc_column_text][\/vc_column_inner][vc_column_inner width=&#8220;1\/2&#8243;][vc_raw_html]JTNDaWZyYW1lJTIwc3R5bGUlM0QlMjJib3JkZXIlM0ElMjAwJTNCJTIyJTIwc3JjJTNEJTIyaHR0cHMlM0ElMkYlMkZ3d3cuZ29vZ2xlLmNvbSUyRm1hcHMlMkZlbWJlZCUzRnBiJTNEJTIxMW0xOCUyMTFtMTIlMjExbTMlMjExZDI3MTcuMjY2NzkzNzEyMjU1JTIxMmQ4LjI4NDkxNjUxNTc3MzM2MyUyMTNkNDcuMDc0MjMxNTMyNTk0MTMlMjEybTMlMjExZjAlMjEyZjAlMjEzZjAlMjEzbTIlMjExaTEwMjQlMjEyaTc2OCUyMTRmMTMuMSUyMTNtMyUyMTFtMiUyMTFzMHg0NzhmZmM5ZjE5NTgzZTJmJTI1M0EweDc5MWZkZWYwMzJlMGQ3ODklMjEyc0VtbWVuJTJCQ2VudGVyJTI1MkMlMkI2MDIwJTJCRW1tZW4lMjE1ZTAlMjEzbTIlMjExc2VuJTIxMnNjaCUyMTR2MTUxODE1OTkzNzYxMCUyMiUyMHdpZHRoJTNEJTIyMTAwJTI1JTIyJTIwaGVpZ2h0JTNEJTIyMzQ1JTIyJTIwZnJhbWVib3JkZXIlM0QlMjIwJTIyJTIwYWxsb3dmdWxsc2NyZWVuJTNEJTIyYWxsb3dmdWxsc2NyZWVuJTIyJTNFJTNDJTJGaWZyYW1lJTNF[\/vc_raw_html][\/vc_column_inner][\/vc_row_inner][vc_empty_space height=&#8220;62px&#8220;][\/vc_column][\/vc_row]<\/p>\n<\/div>","protected":false},"excerpt":{"rendered":"<p>[vc_row row_type=&#8220;row&#8220; use_row_as_full_screen_section=&#8220;no&#8220; type=&#8220;full_width&#8220; text_align=&#8220;left&#8220; background_animation=&#8220;none&#8220; css_animation=&#8220;&#8220;][vc_column][vc_column_text] Street One Emmen Center [\/vc_column_text][vc_single_image image=&#8220;1322&#8243; img_size=&#8220;full&#8220; alignment=&#8220;center&#8220; qode_css_animation=&#8220;element_from_fade&#8220;][vc_empty_space][vc_row_inner row_type=&#8220;row&#8220; type=&#8220;full_width&#8220; use_row_as_full_screen_section_slide=&#8220;no&#8220; text_align=&#8220;left&#8220; css_animation=&#8220;&#8220;][vc_column_inner width=&#8220;1\/2&#8243;][vc_column_text] \u00dcber Street One Emmen Center Kommen Sie vorbei und besuchen Sie uns bei Street One im Emmen Center in Emmenbr\u00fccke bei Luzern. Street&#8230;<\/p>\n","protected":false},"author":1,"featured_media":1053,"parent":710,"menu_order":0,"comment_status":"closed","ping_status":"closed","template":"","meta":{"inline_featured_image":false,"footnotes":""},"class_list":["post-1061","page","type-page","status-publish","has-post-thumbnail","hentry"],"yoast_head":"<!-- This site is optimized with the Yoast SEO plugin v27.4 - https:\/\/yoast.com\/product\/yoast-seo-wordpress\/ -->\n<title>Street One Emmen Center<\/title>\n<meta name=\"description\" content=\"Street One im Emmen Center in Emmenbr\u00fccke \u2013 Besuchen Sie Street One in der Filiale im Emmen Center \u2013 Shopping \u2013 Kleidergesch\u00e4ft \u2013 Einkaufsm\u00f6glichkeit \u2013 Gesch\u00e4ft \u2013 Laden\" \/>\n<meta name=\"robots\" content=\"index, follow, max-snippet:-1, max-image-preview:large, max-video-preview:-1\" \/>\n<link rel=\"canonical\" href=\"https:\/\/pico-one.ch\/street-one\/filialen-schweiz\/street-one-emmen-center\/\" \/>\n<meta property=\"og:locale\" content=\"de_DE\" \/>\n<meta property=\"og:type\" content=\"article\" \/>\n<meta property=\"og:title\" content=\"Street One Emmen Center\" \/>\n<meta property=\"og:description\" content=\"Street One im Emmen Center in Emmenbr\u00fccke \u2013 Besuchen Sie Street One in der Filiale im Emmen Center \u2013 Shopping \u2013 Kleidergesch\u00e4ft \u2013 Einkaufsm\u00f6glichkeit \u2013 Gesch\u00e4ft \u2013 Laden\" \/>\n<meta property=\"og:url\" content=\"https:\/\/pico-one.ch\/street-one\/filialen-schweiz\/street-one-emmen-center\/\" \/>\n<meta property=\"og:site_name\" content=\"Street One\" \/>\n<meta property=\"article:modified_time\" content=\"2020-07-30T16:48:02+00:00\" \/>\n<meta property=\"og:image\" content=\"https:\/\/pico-one.ch\/street-one\/wp-content\/uploads\/sites\/3\/2018\/08\/street_one_luzern-700x450.jpg\" \/>\n\t<meta property=\"og:image:width\" content=\"700\" \/>\n\t<meta property=\"og:image:height\" content=\"450\" \/>\n\t<meta property=\"og:image:type\" content=\"image\/jpeg\" \/>\n<meta name=\"twitter:card\" content=\"summary_large_image\" \/>\n<meta name=\"twitter:label1\" content=\"Gesch\u00e4tzte Lesezeit\" \/>\n\t<meta name=\"twitter:data1\" content=\"1\u00a0Minute\" \/>\n<script type=\"application\/ld+json\" class=\"yoast-schema-graph\">{\"@context\":\"https:\\\/\\\/schema.org\",\"@graph\":[{\"@type\":\"WebPage\",\"@id\":\"https:\\\/\\\/pico-one.ch\\\/street-one\\\/filialen-schweiz\\\/street-one-emmen-center\\\/\",\"url\":\"https:\\\/\\\/pico-one.ch\\\/street-one\\\/filialen-schweiz\\\/street-one-emmen-center\\\/\",\"name\":\"Street One Emmen Center\",\"isPartOf\":{\"@id\":\"https:\\\/\\\/pico-one.ch\\\/street-one\\\/#website\"},\"primaryImageOfPage\":{\"@id\":\"https:\\\/\\\/pico-one.ch\\\/street-one\\\/filialen-schweiz\\\/street-one-emmen-center\\\/#primaryimage\"},\"image\":{\"@id\":\"https:\\\/\\\/pico-one.ch\\\/street-one\\\/filialen-schweiz\\\/street-one-emmen-center\\\/#primaryimage\"},\"thumbnailUrl\":\"https:\\\/\\\/pico-one.ch\\\/street-one\\\/wp-content\\\/uploads\\\/sites\\\/3\\\/2018\\\/08\\\/street_one_luzern-700x450.jpg\",\"datePublished\":\"2018-08-24T10:15:05+00:00\",\"dateModified\":\"2020-07-30T16:48:02+00:00\",\"description\":\"Street One im Emmen Center in Emmenbr\u00fccke \u2013 Besuchen Sie Street One in der Filiale im Emmen Center \u2013 Shopping \u2013 Kleidergesch\u00e4ft \u2013 Einkaufsm\u00f6glichkeit \u2013 Gesch\u00e4ft \u2013 Laden\",\"breadcrumb\":{\"@id\":\"https:\\\/\\\/pico-one.ch\\\/street-one\\\/filialen-schweiz\\\/street-one-emmen-center\\\/#breadcrumb\"},\"inLanguage\":\"de\",\"potentialAction\":[{\"@type\":\"ReadAction\",\"target\":[\"https:\\\/\\\/pico-one.ch\\\/street-one\\\/filialen-schweiz\\\/street-one-emmen-center\\\/\"]}]},{\"@type\":\"ImageObject\",\"inLanguage\":\"de\",\"@id\":\"https:\\\/\\\/pico-one.ch\\\/street-one\\\/filialen-schweiz\\\/street-one-emmen-center\\\/#primaryimage\",\"url\":\"https:\\\/\\\/pico-one.ch\\\/street-one\\\/wp-content\\\/uploads\\\/sites\\\/3\\\/2018\\\/08\\\/street_one_luzern-700x450.jpg\",\"contentUrl\":\"https:\\\/\\\/pico-one.ch\\\/street-one\\\/wp-content\\\/uploads\\\/sites\\\/3\\\/2018\\\/08\\\/street_one_luzern-700x450.jpg\",\"width\":700,\"height\":450,\"caption\":\"street-one luzern\"},{\"@type\":\"BreadcrumbList\",\"@id\":\"https:\\\/\\\/pico-one.ch\\\/street-one\\\/filialen-schweiz\\\/street-one-emmen-center\\\/#breadcrumb\",\"itemListElement\":[{\"@type\":\"ListItem\",\"position\":1,\"name\":\"Home\",\"item\":\"https:\\\/\\\/pico-one.ch\\\/street-one\\\/\"},{\"@type\":\"ListItem\",\"position\":2,\"name\":\"Filialen\",\"item\":\"https:\\\/\\\/pico-one.ch\\\/street-one\\\/filialen-schweiz\\\/\"},{\"@type\":\"ListItem\",\"position\":3,\"name\":\"Street One Emmen Center\"}]},{\"@type\":\"WebSite\",\"@id\":\"https:\\\/\\\/pico-one.ch\\\/street-one\\\/#website\",\"url\":\"https:\\\/\\\/pico-one.ch\\\/street-one\\\/\",\"name\":\"Street One\",\"description\":\"Street One Luzern\u2013Baden\u2013Emmenbr\u00fccke\u2013Solothurn\",\"potentialAction\":[{\"@type\":\"SearchAction\",\"target\":{\"@type\":\"EntryPoint\",\"urlTemplate\":\"https:\\\/\\\/pico-one.ch\\\/street-one\\\/?s={search_term_string}\"},\"query-input\":{\"@type\":\"PropertyValueSpecification\",\"valueRequired\":true,\"valueName\":\"search_term_string\"}}],\"inLanguage\":\"de\"}]}<\/script>\n<!-- \/ Yoast SEO plugin. -->","yoast_head_json":{"title":"Street One Emmen Center","description":"Street One im Emmen Center in Emmenbr\u00fccke \u2013 Besuchen Sie Street One in der Filiale im Emmen Center \u2013 Shopping \u2013 Kleidergesch\u00e4ft \u2013 Einkaufsm\u00f6glichkeit \u2013 Gesch\u00e4ft \u2013 Laden","robots":{"index":"index","follow":"follow","max-snippet":"max-snippet:-1","max-image-preview":"max-image-preview:large","max-video-preview":"max-video-preview:-1"},"canonical":"https:\/\/pico-one.ch\/street-one\/filialen-schweiz\/street-one-emmen-center\/","og_locale":"de_DE","og_type":"article","og_title":"Street One Emmen Center","og_description":"Street One im Emmen Center in Emmenbr\u00fccke \u2013 Besuchen Sie Street One in der Filiale im Emmen Center \u2013 Shopping \u2013 Kleidergesch\u00e4ft \u2013 Einkaufsm\u00f6glichkeit \u2013 Gesch\u00e4ft \u2013 Laden","og_url":"https:\/\/pico-one.ch\/street-one\/filialen-schweiz\/street-one-emmen-center\/","og_site_name":"Street One","article_modified_time":"2020-07-30T16:48:02+00:00","og_image":[{"width":700,"height":450,"url":"https:\/\/pico-one.ch\/street-one\/wp-content\/uploads\/sites\/3\/2018\/08\/street_one_luzern-700x450.jpg","type":"image\/jpeg"}],"twitter_card":"summary_large_image","twitter_misc":{"Gesch\u00e4tzte Lesezeit":"1\u00a0Minute"},"schema":{"@context":"https:\/\/schema.org","@graph":[{"@type":"WebPage","@id":"https:\/\/pico-one.ch\/street-one\/filialen-schweiz\/street-one-emmen-center\/","url":"https:\/\/pico-one.ch\/street-one\/filialen-schweiz\/street-one-emmen-center\/","name":"Street One Emmen Center","isPartOf":{"@id":"https:\/\/pico-one.ch\/street-one\/#website"},"primaryImageOfPage":{"@id":"https:\/\/pico-one.ch\/street-one\/filialen-schweiz\/street-one-emmen-center\/#primaryimage"},"image":{"@id":"https:\/\/pico-one.ch\/street-one\/filialen-schweiz\/street-one-emmen-center\/#primaryimage"},"thumbnailUrl":"https:\/\/pico-one.ch\/street-one\/wp-content\/uploads\/sites\/3\/2018\/08\/street_one_luzern-700x450.jpg","datePublished":"2018-08-24T10:15:05+00:00","dateModified":"2020-07-30T16:48:02+00:00","description":"Street One im Emmen Center in Emmenbr\u00fccke \u2013 Besuchen Sie Street One in der Filiale im Emmen Center \u2013 Shopping \u2013 Kleidergesch\u00e4ft \u2013 Einkaufsm\u00f6glichkeit \u2013 Gesch\u00e4ft \u2013 Laden","breadcrumb":{"@id":"https:\/\/pico-one.ch\/street-one\/filialen-schweiz\/street-one-emmen-center\/#breadcrumb"},"inLanguage":"de","potentialAction":[{"@type":"ReadAction","target":["https:\/\/pico-one.ch\/street-one\/filialen-schweiz\/street-one-emmen-center\/"]}]},{"@type":"ImageObject","inLanguage":"de","@id":"https:\/\/pico-one.ch\/street-one\/filialen-schweiz\/street-one-emmen-center\/#primaryimage","url":"https:\/\/pico-one.ch\/street-one\/wp-content\/uploads\/sites\/3\/2018\/08\/street_one_luzern-700x450.jpg","contentUrl":"https:\/\/pico-one.ch\/street-one\/wp-content\/uploads\/sites\/3\/2018\/08\/street_one_luzern-700x450.jpg","width":700,"height":450,"caption":"street-one luzern"},{"@type":"BreadcrumbList","@id":"https:\/\/pico-one.ch\/street-one\/filialen-schweiz\/street-one-emmen-center\/#breadcrumb","itemListElement":[{"@type":"ListItem","position":1,"name":"Home","item":"https:\/\/pico-one.ch\/street-one\/"},{"@type":"ListItem","position":2,"name":"Filialen","item":"https:\/\/pico-one.ch\/street-one\/filialen-schweiz\/"},{"@type":"ListItem","position":3,"name":"Street One Emmen Center"}]},{"@type":"WebSite","@id":"https:\/\/pico-one.ch\/street-one\/#website","url":"https:\/\/pico-one.ch\/street-one\/","name":"Street One","description":"Street One Luzern\u2013Baden\u2013Emmenbr\u00fccke\u2013Solothurn","potentialAction":[{"@type":"SearchAction","target":{"@type":"EntryPoint","urlTemplate":"https:\/\/pico-one.ch\/street-one\/?s={search_term_string}"},"query-input":{"@type":"PropertyValueSpecification","valueRequired":true,"valueName":"search_term_string"}}],"inLanguage":"de"}]}},"_links":{"self":[{"href":"https:\/\/pico-one.ch\/street-one\/wp-json\/wp\/v2\/pages\/1061","targetHints":{"allow":["GET"]}}],"collection":[{"href":"https:\/\/pico-one.ch\/street-one\/wp-json\/wp\/v2\/pages"}],"about":[{"href":"https:\/\/pico-one.ch\/street-one\/wp-json\/wp\/v2\/types\/page"}],"author":[{"embeddable":true,"href":"https:\/\/pico-one.ch\/street-one\/wp-json\/wp\/v2\/users\/1"}],"replies":[{"embeddable":true,"href":"https:\/\/pico-one.ch\/street-one\/wp-json\/wp\/v2\/comments?post=1061"}],"version-history":[{"count":13,"href":"https:\/\/pico-one.ch\/street-one\/wp-json\/wp\/v2\/pages\/1061\/revisions"}],"predecessor-version":[{"id":1768,"href":"https:\/\/pico-one.ch\/street-one\/wp-json\/wp\/v2\/pages\/1061\/revisions\/1768"}],"up":[{"embeddable":true,"href":"https:\/\/pico-one.ch\/street-one\/wp-json\/wp\/v2\/pages\/710"}],"wp:featuredmedia":[{"embeddable":true,"href":"https:\/\/pico-one.ch\/street-one\/wp-json\/wp\/v2\/media\/1053"}],"wp:attachment":[{"href":"https:\/\/pico-one.ch\/street-one\/wp-json\/wp\/v2\/media?parent=1061"}],"curies":[{"name":"wp","href":"https:\/\/api.w.org\/{rel}","templated":true}]}}